is the tens digit of 12002?
0
What is the units digit of 15706?
6
What is the units digit of 9974?
4
What is the tens digit of 17614?
1
What is the thousands digit of 97097?
7
What is the tens digit of 47233?
3
What is the thousands digit of 3431?
3
What is the units digit of 95100?
0
What is the tens digit of 111?
1
What is the tens digit of 5776?
7
What is the thousands digit of 4455?
4
What is the thousands digit of 1638?
1
What is the thousands digit of 4698?
4
What is the units digit of 1845?
5
What is the tens digit of 504?
0
What is the thousands digit of 153510?
3
What is the units digit of 441?
1
What is the tens digit of 2075?
7
What is the thousands digit of 2339?
2
What is the ten thousands digit of 50734?
5
What is the hundreds digit of 9776?
7
What is the units digit of 26914?
4
What is the tens digit of 12273?
7
What is the units digit of 2897?
7
What is the hundreds digit of 3468?
4
What is the ten thousands digit of 52487?
5
What is the tens digit of 377?
7
What is the tens digit of 612?
1
What is the hundreds digit of 506?
5
What is the units digit of 2968?
8
What is the units digit of 3877?
7
What is the hundreds digit of 2577?
5
What is the units digit of 17226?
6
What is the thousands digit of 4180?
4
What is the thousands digit of 1640?
1
What is the tens digit of 1213?
1
What is the units digit of 417?
7
What is the thousands digit of 7805?
7
What is the units digit of 17971?
1
What is the units digit of 20126?
6
What is the hundreds digit of 3635?
6
What is the units digit of 76296?
6
What is the thousands digit of 99074?
9
What is the tens digit of 193149?
4
What is the tens digit of 243?
4
What is the tens digit of 27814?
1
What is the tens digit of 381?
8
What is the tens digit of 1351?
5
What is the tens digit of 10731?
3
What is the tens digit of 7286?
8
What is the units digit of 5298?
8
What is the tens digit of 28?
2
What is the units digit of 887?
7
What is the units digit of 1421?
1
What is the units digit of 71477?
7
What is the units digit of 739?
9
What is the thousands digit of 4233?
4
What is the units digit of 8639?
9
What is the hundreds digit of 7786?
7
What is the units digit of 186944?
4
What is the units digit of 451?
1
What is the units digit of 8445?
5
What is the units digit of 929?
9
What is the units digit of 909?
9
What is the thousands digit of 1388?
1
What is the hundreds digit of 26426?
4
What is the hundreds digit of 12894?
8
What is the tens digit of 3434?
3
What is the tens digit of 164091?
9
What is the tens digit of 1532?
3
What is the thousands digit of 86367?
6
What is the ten thousands digit of 15098?
1
What is the thousands digit of 54125?
4
What is the hundreds digit of 3477?
4
What is the hundreds digit of 1059?
0
What is the hundreds digit of 14336?
3
What is the units digit of 976?
6
What is the tens digit of 25610?
1
What is the tens digit of 183?
8
What is the units digit of 1293?
3
What is the units digit of 17127?
7
What is the units digit of 138063?
3
What is the tens digit of 19168?
6
What is the units digit of 11041?
1
What is the tens digit of 3166?
6
What is the thousands digit of 2460?
2
What is the units digit of 7739?
9
What is the hundreds digit of 1916?
9
What is the thousands digit of 12911?
2
What is the units digit of 3207?
7
What is the hundreds digit of 2043?
0
What is the hundreds digit of 31359?
3
What is the hundreds digit of 1461?
4
What is the tens digit of 5672?
7
What is the thousands digit of 6328?
6
What is the hundred thousands digit of 119075?
1
What is the tens digit of 1819?
1
What is the hundreds digit of 19672?
6
What is the hundreds digit of 18236?
2
What is the units digit of 2858?
8
What is the units digit of 26700?
0
What is the hundreds digit of 40418?
4
What is the units digit of 39521?
1
What is the hundreds digit of 1017?
0
What is the tens digit of 19646?
4
What is the thousands digit of 2572?
2
What is the thousands digit of 10910?
0
What is the hundreds digit of 979?
9
What is the thousands digit of 4507?
4
What is the thousands digit of 7514?
7
What is the units digit of 3852?
2
What is the thousands digit of 1349?
1
What is the hundreds digit of 25553?
5
What is the hundreds digit of 3133?
1
What is the hundreds digit of 272?
2
What is the thousands digit of 2308?
2
What is the hundreds digit of 10095?
0
What is the units digit of 911?
1
What is the units digit of 33606?
6
What is the units digit of 7075?
5
What is the ten thousands digit of 13187?
1
What is the thousands digit of 20353?
0
What is the thousands digit of 1731?
1
What is the tens digit of 50963?
6
What is the units digit of 6989?
9
What is the thousands digit of 34177?
4
What is the units digit of 1277?
7
What is the tens digit of 488?
8
What is the thousands digit of 1639?
1
What is the hundreds digit of 7235?
2
What is the hundreds digit of 1351?
3
What is the tens digit of 845?
4
What is the thousands digit of 2042?
2
What is the thousands digit of 15817?
5
What is the hundreds digit of 118291?
2
What is the tens digit of 4999?
9
What is the units digit of 1382?
2
What is the units digit of 4116?
6
What is the units digit of 2284?
4
What is the hundreds digit of 18858?
8
What is the hundreds digit of 20615?
6
What is the tens digit of 3811?
1
What is the hundreds digit of 12365?
3
What is the thousands digit of 77520?
7
What is the units digit of 39832?
2
What is the tens digit of 1846?
4
What is the ten thousands digit of 38631?
3
What is the thousands digit of 2277?
2
What is the tens digit of 324?
2
What is the hundreds digit of 826?
8
What is the tens digit of 40112?
1
What is the tens digit of 9658?
5
What is the hundreds digit of 9151?
1
What is the thousands digit of 1322?
1
What is the units digit of 1848?
8
What is the hundreds digit of 11246?
2
What is the units digit of 25892?
2
What is the thousands digit of 1954?
1
What is the hundreds digit of 690?
6
What is the hundreds digit of 3395?
3
What is the tens digit of 502?
0
What is the thousands digit of 10221?
0
What is the units digit of 1908?
8
What is the tens digit of 934?
3
What is the thousands digit of 4194?
4
What is the thousands digit of 4961?
4
What is the tens digit of 742?
4
What is the units digit of 41611?
1
What is the tens digit of 482?
8
What is the ten thousands digit of 16870?
1
What is the thousands digit of 22738?
2
What is the thousands digit of 1525?
1
What is the ten thousands digit of 11271?
1
What is the thousands digit of 1766?
1
What is the ten thousands digit of 25053?
2
What is the tens digit of 966?
6
What is the ten thousands digit of 47340?
4
What is the hundreds digit of 5244?
2
What is the thousands digit of 106832?
6
What is the hundreds digit of 35200?
2
What is the tens digit of 3755?
5
What is the units digit of 76730?
0
What is the hundred thousands digit of 134980?
1
What is the units digit of 133285?
5
What is the units digit of 907?
7
What is the ten thousands digit of 20396?
2
What is the hundreds digit of 274?
2
What is the hundreds digit of 976?
9
What is the tens digit of 16200?
0
What is the tens digit of 777?
7
What is the thousands digit of 6059?
6
What is the tens digit of 33997?
9
What is the tens digit of 2807?
0
What is the thousands digit of 166917?
6
What is the units digit of 3036?
6
What is the units digit of 6693?
3
What is the hundreds digit of 1372?
3
What is the hundreds digit of 18665?
6
What is the thousands digit of 1833?
1
What is the tens digit of 858?
5
What is the tens digit of 2133?
3
What is the ten thousands digit of 71008?
7
What is the thousands digit of 8229?
8
What is the tens digit of 7074?
7
What is the tens digit of 1150?
5
What is the hundreds digit of 181?
1
What is the units digit of 84362?
2
What is the thousands digit of 4368?
4
What is the hundreds digit of 2659?
6
What is the hundreds digit of 647?
6
What is the hundreds digit of 1363?
3
What is the tens digit of 35800?
0
What is the units digit of 14658?
8
What is the hundreds digit of 585?
5
What is the tens digit of 95796?
9
What is the hundreds digit of 17173?
1
What is the hundreds digit of 715?
7
What is the tens digit of 5213?
1
What is the units digit of 1052?
2
What is the tens digit of 3664?
6
What is the tens digit of 15328?
2
What is the tens digit of